 factor of 1375 and 3246925.
275
Calculate the highest common factor of 22220387 and 259.
259
Calculate the highest common divisor of 1350 and 170334.
18
What is the highest common divisor of 2610 and 517070?
290
What is the greatest common divisor of 2512 and 685407364?
628
What is the highest common factor of 17118167 and 374?
187
What is the highest common divisor of 68 and 16313166?
34
What is the highest common factor of 107326786 and 14602?
2086
What is the highest common divisor of 8932014 and 1008?
126
What is the greatest common factor of 10389170 and 286?
22
Calculate the highest common divisor of 364 and 3349931.
13
Calculate the greatest common factor of 8928 and 613304.
248
What is the greatest common divisor of 24623270 and 14?
14
What is the highest common divisor of 75 and 1463673?
3
What is the highest common divisor of 27936 and 1421244?
3492
Calculate the highest common factor of 19890 and 491465.
65
What is the highest common divisor of 2330727 and 615?
123
Calculate the greatest common divisor of 1851109 and 2226193.
3473
What is the highest common divisor of 467255976 and 176?
88
What is the greatest common factor of 3840296 and 11368?
232
What is the highest common factor of 13042066 and 3502?
206
What is the greatest common factor of 13642245 and 35547?
867
Calculate the greatest common divisor of 201077664 and 36.
12
What is the greatest common divisor of 93 and 69922298?
31
What is the highest common divisor of 57 and 60381?
3
Calculate the greatest common divisor of 928 and 8068496.
464
Calculate the highest common factor of 3311 and 137256.
301
What is the greatest common factor of 57 and 130237229?
19
Calculate the highest common factor of 55 and 3560392.
11
What is the highest common divisor of 42292 and 1588348?
436
What is the highest common factor of 24642 and 96435468?
666
Calculate the highest common factor of 1618 and 2310.
2
What is the highest common divisor of 226 and 18327922?
226
Calculate the highest common factor of 6392 and 207740.
3196
Calculate the greatest common divisor of 5 and 5156455.
5
What is the greatest common factor of 1542 and 47350194?
1542
Calculate the highest common factor of 44004 and 27056.
76
Calculate the greatest common factor of 5 and 272862065.
5
Calculate the greatest common divisor of 3515 and 11560455.
95
What is the highest common divisor of 1670552 and 3224?
104
What is the greatest common factor of 1994 and 64806994?
1994
Calculate the greatest common factor of 16005774 and 7953.
723
What is the highest common factor of 96291 and 106587?
117
Calculate the greatest common divisor of 9662562 and 234702.
3978
What is the greatest common divisor of 723724 and 1062098?
734
What is the greatest common divisor of 1633 and 7287937?
71
Calculate the highest common factor of 3332 and 25012.
4
Calculate the highest common factor of 109449200 and 21.
7
What is the greatest common divisor of 8288379 and 2110482?
3267
Calculate the highest common factor of 257466 and 1936.
22
Calculate the highest common divisor of 487083 and 116985.
2127
Calculate the highest common divisor of 1621424 and 175832.
248
What is the highest common divisor of 12782 and 409255?
77
What is the highest common factor of 6030 and 360?
90
What is the highest common factor of 20381 and 221443?
229
Calculate the greatest common factor of 22531392 and 2856.
408
What is the greatest common divisor of 22416735 and 660?
165
What is the greatest common factor of 663 and 36447099?
663
What is the highest common divisor of 1476319 and 70993?
559
What is the greatest common divisor of 60936 and 552?
24
Calculate the greatest common factor of 532 and 629660.
76
Calculate the greatest common divisor of 6882259 and 37.
37
What is the greatest common factor of 374451 and 22932?
21
What is the highest common divisor of 17688 and 38280?
264
What is the greatest common factor of 79 and 33707009?
79
Calculate the greatest common factor of 9118125 and 7200.
225
What is the highest common factor of 14970 and 326520?
30
Calculate the greatest common factor of 5766377 and 2729.
2729
Calculate the highest common divisor of 60 and 54635895.
15
Calculate the highest common divisor of 3804 and 92712.
12
Calculate the highest common factor of 3459129 and 8241.
123
Calculate the highest common factor of 53181 and 702549.
2799
Calculate the highest common divisor of 472988975 and 2425.
2425
What is the greatest common divisor of 9 and 50988402?
9
What is the greatest common divisor of 2720223 and 1296?
81
What is the greatest common divisor of 692 and 61638516?
692
Calculate the greatest common factor of 14573315 and 5.
5
What is the greatest common divisor of 299907 and 827403?
2127
Calculate the highest common factor of 1148 and 609196.
28
What is the greatest common divisor of 148326 and 37406?
118
What is the greatest common divisor of 271518 and 7436?
26
Calculate the highest common factor of 88750 and 18500.
250
What is the highest common factor of 9840 and 3137320?
1640
What is the highest common divisor of 35186 and 50278625?
241
What is the greatest common factor of 4 and 3700448?
4
Calculate the greatest common divisor of 13961 and 22038956.
607
Calculate the highest common factor of 3833463960 and 17.
17
What is the highest common factor of 8712 and 4220722?
242
What is the highest common divisor of 889587 and 6499?
97
What is the highest common factor of 7298784 and 744?
24
What is the highest common divisor of 1178 and 631617?
19
Calculate the greatest common divisor of 880 and 83157008.
176
What is the greatest common factor of 75496 and 74?
2
Calculate the highest common divisor of 1223839 and 445.
89
Calculate the greatest common divisor of 492 and 10588988.
164
Calculate the greatest common divisor of 67382721 and 5985.
1197
What is the highest common factor of 3284770 and 33970?
430
Calculate the greatest common divisor of 2979 and 1334261.
331
Calculate the greatest common divisor of 51209 and 54161.
41
Calculate the greatest common factor of 326360 and 24600.
1640
Calculate the highest common divisor of 8112 and 7172360.
1352
Calculate the highest common factor of 5547 and 1137.
3
Calculate the greatest common factor of 1844925 and 1335.
15
What is the greatest common factor of 39252375 and 23985?
1845
What is the greatest common divisor of 31456 and 10880?
32
What is the greatest common factor of 219729475 and 13575?
4525
Calculate the highest common factor of 255017 and 6307.
119
Calculate the greatest common divisor of 1850904 and 82728.
216
Calculate the greatest common divisor of 1275 and 13365570.
255
Calculate the greatest common factor of 8463 and 1304914.
403
What is the greatest common divisor of 21 and 133678923?
21
What is the highest common factor of 12463 and 156937?
121
Calculate the greatest common divisor of 696527 and 13793.
13
What is the greatest common factor of 4509577 and 1529?
139
What is the highest common divisor of 1413 and 13466989?
157
What is the greatest common factor of 378226854 and 324?
54
What is the highest common divisor of 16544963 and 3254?
1627
What is the highest common factor of 303369 and 957?
957
Calculate the greatest common divisor of 32179740 and 1747.
1747
Calculate the highest common factor of 121524 and 176.
4
Calculate the highest common divisor of 32768 and 6139904.
4096
Calculate the greatest common divisor of 2165092 and 444.
148
What is the highest common factor of 15882 and 522859263?
7941
Calculate the highest common factor of 45299928 and 744.
744
What is the highest common divisor of 58381152 and 3072?
96
What is the highest common factor of 97 and 192805639?
97
What is the greatest common factor of 81 and 57648?
3
What is the highest common divisor of 84700 and 144650?
550
Calculate the highest common divisor of 165572 and 1107117.
583
Calculate the greatest common factor of 78 and 430222.
26
What is the greatest common divisor of 15752308 and 1716?
572
What is the highest common factor of 11362287 and 732?
183
What is the greatest common factor of 37673 and 257247?
101
What is the highest common divisor of 138 and 49792056?
138
Calculate the highest common divisor of 799337 and 68992.
539
What is the highest common factor of 301 and 22336909?
301
What is 